2*g/18*-681?
2
Suppose -43*g + 268 = -39*g. What is the units digit of g?
7
Let v(b) = b + 25. Let o be -6*((-5)/2 - -2). Suppose -5*x = -u + 44, -o*x + 2*x + 4*u - 5 = 0. What is the tens digit of v(x)?
1
Let l be -2 + -4*21/(-6). Suppose -2*j = -l - 8. Suppose j = 2*b + 5*c, 0 = 2*b - c - 2*c - 42. What is the tens digit of b?
1
Suppose s - 4*t = 85, t = 3*s + 5*t - 191. What is the tens digit of s?
6
Let z = -208 - -45. Let g = z - -261. What is the units digit of g?
8
What is the hundreds digit of -2 + 589 - (0 + 8)?
5
Let f = -33 - -33. Suppose f = -t + 18 + 7. What is the units digit of t?
5
Let d(x) = -25*x + 1. Let v be d(-1). Suppose 0 = -4*w - 4*a + 18 + 10, -3*a = 4*w - v. Suppose 60 = w*r - r. What is the units digit of r?
5
Suppose -3*t = 2*b - 17945, -350*b + 354*b = -5*t + 29905. What is the hundreds digit of t?
9
Suppose 5*h + 95 = -0*i + i, -5*i = -4*h - 97. Let l = 35 - h. What is the units digit of l?
3
Let c(b) = -2*b - 10. Let s be c(-11). Suppose -4*m + 4*i = -i - 109, -3*m = -5*i - 88. What is the units digit of 7/(m/s) + 2?
6
Let v(g) be the third derivative of -13*g**4/24 + g**3/3 - g**2. Let y be v(-1). Let q = y - -5. What is the units digit of q?
0
Suppose 5*g - 52 = g. Let y(q) = 11*q + 15. Let k be y(g). Suppose s + 5*h = 47, -s + k = 3*s + 5*h. What is the units digit of s?
7
What is the units digit of (-8)/16*-14 + 1288?
5
Let x = -42 - -42. Suppose q = x, 3*s - 3*q = 5*s - 144. What is the units digit of s?
2
Let r = -78 - -80. Suppose 5*o - 3*u - 471 = 0, -u = o + 2*u - 105. Suppose o = 6*t - r*t. What is the units digit of t?
4
Let r(i) = 12*i**2 - i. Let h be r(3). Suppose 2*n + h = 9*n. What is the units digit of n?
5
Suppose 3*j = 5*j. Suppose 0 = 2*c + 5*p - 70, -38 = -c - j*c - p. Let b = c - 24. What is the units digit of b?
6
Let v(r) = r**3 - 8*r**2 + 25*r - 213. What is the tens digit of v(12)?
6
Let z(b) = -b**3 - 14*b**2 + 16*b + 17. Let v be z(-15). Let x be (-3 - 0)*-1 + v. Suppose 0 = -x*l + 4*h + 76, 2*h + 8 = -0*h. What is the units digit of l?
2
Suppose -105*b = -109*b + 2760. Suppose -5*w + 680 = 5*x, 0*x = -5*x - 3*w + b. What is the units digit of x?
1
Let c = 1885 - 989. What is the hundreds digit of c?
8
Suppose -18683 = -1153*v + 1146*v. What is the tens digit of v?
6
What is the hundreds digit of 36476/24 - 28/(-24)?
5
Suppose -4 = -3*v - 124. Suppose -5*f = -6*f + 10. What is the units digit of f/4*(-256)/v?
6
Let l(g) = -g**2 + 11*g - 10. Suppose 0 = 2*a - 4*a + 22. Suppose a*i = 12*i - 8. What is the tens digit of l(i)?
1
Suppose -4*u = 4*w - 250 - 106, 206 = 2*w - 5*u. Let p = 456 - 191. Suppose 5*d - w - 29 = -3*t, 4*d = 5*t - p. What is the tens digit of t?
4
Let h(o) = 8*o**2 + 20*o - 12. What is the units digit of h(-4)?
6
Let v = 27 - 11. Suppose -24 = 2*m + 3*y + 7, m + 4*y = -23. Let f = m + v. What is the units digit of f?
5
Let d be ((-6)/(-5))/((-3)/(-1620)). Suppose 4*t + 156 = d. What is the hundreds digit of t?
1
Let h = -8 + 11. Let z be 3/(-1) - (h + -1). Let n(o) = o**3 + 6*o**2 + o + 2. What is the units digit of n(z)?
2
Let d = -14 + 17. Let z be -2 - (9/d + -5). Suppose z = -5*g + 100 + 110. What is the units digit of g?
2
Let z = -43 + 34. Let q(u) = u**2 + u - 11. What is the tens digit of q(z)?
6
Let c be -2 + (-7)/(-3) - (-633)/(-9). Let l = -52 - c. What is the units digit of l?
8
Suppose -4*g = g - 220. Let r = g - 24. What is the units digit of (192/r)/3*5?
6
Suppose 0 = 2*r + 14 + 120. Let x = r + 109. What is the tens digit of x?
4
Let g(o) = 3*o**2 + o - 8. Let j be g(2). Let c(d) = 18*d**3 + d**2 - 2*d + 1. Let u be c(1). What is the units digit of u*(0 - (-3)/j)?
9
What is the units digit of (-2 - 1) + -5 + 1640?
2
Let m(z) = z. Let r = 37 - 33. Let p be m(r). Suppose 5*f = 3*g - 151, -3*f - 186 = -p*g - 4*f. What is the units digit of g?
7
What is the hundreds digit of (-54)/126 + (16036/14 - 0)?
1
Let w be (-5)/(10/(-4)) - 9. Let t(x) = 2*x**2 - 171 + 148 + 0*x**2. What is the tens digit of t(w)?
7
Let f be 8/(-36) - (-38)/9. Suppose a = -4*i + 581, 727 = 3*i + 2*i + 2*a. Suppose -2*h - h + f*y + 79 = 0, -5*h + 4*y = -i. What is the tens digit of h?
3
Let o(z) = 5*z**2 + z + 1. Let a be o(1). Suppose 9 = -a*s + 23. What is the units digit of s?
2
What is the tens digit of ((-7)/3)/(5/(225/(-5)))?
2
Let n(f) = f**2 + 4*f - 3. Let t be n(-5). Suppose 0 = -4*o + 4, t*o - 110 = -2*a - 0*o. What is the units digit of a?
4
Let o(v) = -v**2 - 2*v - 3. Let j be o(-2). What is the hundreds digit of (12 - 531)*(0 - (-1)/j)?
1
Suppose -2*y - 331 = -8*q + 3*q, -118 = -2*q - 4*y. Let u be 2 - 1/(1/(-4)). Suppose -r + u*r - q = 0. What is the tens digit of r?
1
Let y = 0 - 0. Suppose 8*v - 22 = -2*i + 4*v, 2*i - 4*v + 10 = y. Suppose i*m = -3*z + 87, -2*m - 3*m - 10 = 0. What is the units digit of z?
1
Let s be (-1671)/(-15) + 6/(-15). Let w = s + -34. What is the units digit of w?
7
Let x(b) = b + 1. Let q be x(6). Let r(h) = 0*h**2 - 182 - 17*h + 16*h + h**2 + 172. What is the units digit of r(q)?
2
Let f(g) = -g**3 - 7*g**2 - 2*g + 7. Let w be f(-8). Let i = w + 2. What is the tens digit of i?
8
Suppose 3*u = -u + 12104. What is the tens digit of u?
2
Suppose -5*i + 3*o - 8*o + 2705 = 0, -4*i - 3*o = -2167. Suppose 12*x - 10*x - i = 0. What is the tens digit of x?
7
Suppose -4*b - 71 = -403. Let x = 128 - b. What is the units digit of x?
5
Suppose -2960 = -5*g - 5*q - 300, -5*q + 520 = g. What is the tens digit of g?
3
Let p(w) = -w - 44. Let y be p(-29). Let a = 65 - y. What is the tens digit of a?
8
Suppose -5*h - 423 = -633. Suppose -4*d - 4*p = -7*d - 53, -3*d = -2*p + 55. What is the units digit of d/(-7) - (-12)/h?
3
What is the units digit of 5/(-10)*(-1999 + -7)?
3
Let y be 30/14 - (-3)/(-21). Let b be (2 - 23)/(y/(-2)). Suppose r - 5 = b. What is the tens digit of r?
2
Let x(g) = -g - 3. Let c be x(-7). Suppose c*j - 3*j = 1. What is the units digit of j/(-5) - (-186)/30?
6
Let a(w) = 5*w - 4. Let x(b) = 4*b - 3. Let s(c) = -2*a(c) + 3*x(c). Let p be s(3). Suppose 0 = 2*k - k - p. What is the units digit of k?
5
Suppose 5*t - 713 = 3*t - g, -5*g - 1433 = -4*t. What is the units digit of t?
7
Suppose -q + 584 = -3*w, 3*q - 530 = -5*w + 1250. What is the tens digit of q?
9
What is the units digit of 749/3 - (-18)/(-27)?
9
Suppose 5*p + 9 = -w, 4*w - 20 = 5*p - 6. Let h(j) = -22*j**3 + j**2 + j - 1. Let y be h(w). What is the units digit of (y/(-6))/7*4?
2
Let i(m) = -m**3 + m**2 + 8*m + 6. What is the tens digit of i(-5)?
1
Let o(d) = -2*d**3 + 10*d**2 - 13*d + 12. Let t be o(9). Let m = -435 - t. What is the hundreds digit of m?
3
Suppose -20 = -6*p + 2*p. Suppose u + 2*r = -31, -4*r - 1 + p = 0. Let x = -19 - u. What is the tens digit of x?
1
Let c be 0/((-1)/(0 - 1)). Suppose 4*r + d - 20 = 0, r + 3*d = -c*r + 5. Suppose 5*z = z - 5*t + 20, 5*z - 30 = -r*t. What is the units digit of z?
0
Let y(p) = -2 - 3 - 2*p + 5*p**2 - 5*p + 4*p**2. What is the hundreds digit of y(5)?
1
Let r = 17 + -13. Suppose 227 = m + r*j, -j + 896 = 4*m + 3*j. What is the hundreds digit of m?
2
Let j(z) = -z**2 + 4*z + 2. Let q be j(4). Let a(t) = -12*t - t**q - 5 + 10 - 4. What is the units digit of a(-10)?
1
Let m = 24 + -19. Suppose -b + 2*b - 4*t - 102 = 0, 213 = 2*b - m*t. What is the units digit of b?
4
Let a = -31 + 35. Suppose a*u - 2*t = 192, 189 + 56 = 5*u - 5*t. Let i = 12 + u. What is the tens digit of i?
5
Let y(l) = l**3 + 15*l**2 + 14*l + 5. Let n be y(-14). Suppose -5*t + n = -6*t. Let h(f) = -f. What is the units digit of h(t)?
5
Let w(u) = 2*u - 2. Let b be w(3). Suppose 5*y - 163 = -b*f, 2*y + f = -2*y + 137. What is the tens digit of y?
3
Let l(m) = -m**3 - 3*m**2 - 10*m - 5. Let u be l(-6). Let z = u + -59. What is the hundreds digit of z?
1
Let k(m) be the third derivative of 3*m**4/8 - 11*m**3/2 + 9*m**2. What is the units digit of k(17)?
0
What is the units digit of ((-113498)/(-231))/(2/3)?
7
Let v = -144 + 213. Let n be v/18 - (-3)/18. Suppose 5*k - 20 = 0, 4*b - 74 - 38 = -n*k. What is the units digit of b?
4
Suppose 4*i = 4*x + 268, x + 3*x = -2*i + 116. Let f(q) = -19*q. Let o be f(-1). Let m = i - o. What is the tens digit of m?
4
Let q(v) = v**2 - v - 4. Let g be q(-2). Suppose y + g*y - 360 = 0. What is the tens digit of y?
2
Let x = 5 + 